divide 379812?
False
Does 15 divide 1183875?
True
Does 610 divide 396288?
False
Is 555722 a multiple of 10?
False
Is 71 a factor of 669169?
False
Is 488520 a multiple of 295?
True
Does 211 divide 1490082?
True
Does 2 divide 231262?
True
Is 352728 a multiple of 18?
True
Does 120 divide 61087?
False
Is 2809312 a multiple of 22?
True
Is 25 a factor of 127825?
True
Is 512708 a multiple of 28?
True
Is 55 a factor of 263725?
True
Is 102805 a multiple of 145?
True
Is 2206 a factor of 15014562?
False
Does 9 divide 12149253?
True
Is 6936858 a multiple of 174?
True
Is 93 a factor of 2794224?
False
Does 277 divide 275456?
False
Does 105 divide 1650075?
True
Does 52 divide 135049?
False
Is 640 a factor of 2332160?
True
Is 6 a factor of 30019?
False
Is 39 a factor of 14125215?
True
Is 17403636 a multiple of 908?
True
Is 809336 a multiple of 44?
True
Does 16 divide 79392?
True
Does 172 divide 489473?
False
Is 9 a factor of 202134?
False
Is 654012 a multiple of 37?
True
Is 286838 a multiple of 584?
False
Does 113 divide 1470046?
False
Does 58 divide 6830312?
True
Is 216 a factor of 1402141?
False
Is 53 a factor of 956322?
False
Does 61 divide 32147?
True
Is 91 a factor of 15974?
False
Is 5935655 a multiple of 121?
True
Does 55 divide 121304?
False
Is 2 a factor of 14588?
True
Does 428 divide 381531?
False
Is 65 a factor of 5669900?
False
Is 8 a factor of 26856?
True
Is 46 a factor of 398866?
True
Is 14112 a multiple of 126?
True
Does 2 divide 275422?
True
Does 113 divide 242812?
False
Is 154895 a multiple of 28?
False
Is 176 a factor of 229504?
True
Is 2 a factor of 841330?
True
Is 8 a factor of 278264?
True
Does 12 divide 5410476?
True
Is 26 a factor of 1829058?
False
Is 13627644 a multiple of 244?
True
Is 200855 a multiple of 43?
False
Is 161302 a multiple of 23?
False
Is 20 a factor of 602880?
True
Does 327 divide 3946236?
True
Is 117 a factor of 586872?
True
Is 2624121 a multiple of 23?
False
Does 5 divide 59306?
False
Does 13 divide 69719?
True
Is 109530 a multiple of 5?
True
Does 15 divide 107443?
False
Is 134743 a multiple of 2?
False
Is 3 a factor of 98?
False
Is 216 a factor of 19540?
False
Is 382 a factor of 2210252?
True
Is 2085128 a multiple of 142?
True
Is 191697 a multiple of 111?
True
Does 32 divide 900896?
True
Is 10 a factor of 512100?
True
Is 103737 a multiple of 79?
False
Does 25 divide 76769?
False
Is 75 a factor of 6909328?
False
Is 9784850 a multiple of 408?
False
Is 16 a factor of 92896?
True
Is 4 a factor of 664607?
False
Is 939785 a multiple of 7?
True
Is 87 a factor of 885581?
False
Is 227 a factor of 638374?
False
Is 23690 a multiple of 82?
False
Is 12 a factor of 427849?
False
Is 588150 a multiple of 682?
False
Is 584 a factor of 4132968?
True
Does 403 divide 156364?
True
Is 4960 a multiple of 160?
True
Is 54 a factor of 23220?
True
Is 92 a factor of 186533?
False
Is 130 a factor of 10315643?
False
Is 20 a factor of 633230?
False
Does 23 divide 1577777?
True
Does 29 divide 2052910?
True
Is 52 a factor of 5950152?
True
Is 29520339 a multiple of 540?
False
Is 9 a factor of 299375?
False
Is 371968 a multiple of 167?
False
Does 12 divide 3508368?
True
Does 38 divide 1179700?
False
Does 24 divide 3105672?
True
Is 14 a factor of 43463?
False
Does 59 divide 5856517?
True
Is 110 a factor of 853380?
True
Is 74118 a multiple of 11?
True
Does 475 divide 4181214?
False
Does 14 divide 938266?
True
Does 81 divide 44676?
False
Is 1128 a factor of 7946373?
False
Is 19 a factor of 2828473?
True
Does 82 divide 640338?
True
Is 2201930 a multiple of 155?
True
Is 789 a factor of 1089609?
True
Is 5 a factor of 285976?
False
Does 108 divide 149729?
False
Is 251 a factor of 29423975?
False
Is 220388 a multiple of 17?
True
Is 1060627 a multiple of 11?
False
Is 238 a factor of 536214?
True
Is 6 a factor of 134516?
False
Does 65 divide 142037?
False
Is 39 a factor of 7757646?
True
Does 31 divide 5910143?
False
Is 14 a factor of 1899422?
True
Is 792312 a multiple of 25?
False
Does 79 divide 150416?
True
Does 178 divide 8010?
True
Is 12421203 a multiple of 1393?
False
Is 2 a factor of 742765?
False
Is 51 a factor of 8115234?
False
Is 12 a factor of 3029175?
False
Is 54 a factor of 7020?
True
Is 36 a factor of 10060521?
False
Is 61868 a multiple of 184?
False
Is 46 a factor of 3154734?
False
Does 406 divide 2377364?
False
Is 3762897 a multiple of 751?
False
Is 49 a factor of 6957069?
True
Is 13 a factor of 4120893?
False
Is 480 a factor of 1463520?
True
Does 137 divide 996647?
False
Is 6435092 a multiple of 13?
False
Does 389 divide 20667570?
True
Does 113 divide 26790?
False
Does 1354 divide 3158766?
False
Does 206 divide 106296?
True
Does 255 divide 4483410?
True
Is 4 a factor of 6588624?
True
Is 35 a factor of 2681630?
True
Does 8 divide 235896?
True
Does 9 divide 138681?
True
Is 1506441 a multiple of 42?
False
Is 46184 a multiple of 184?
True
Is 7274290 a multiple of 10?
True
Does 11 divide 182600?
True
Does 16 divide 315552?
True
Is 12148177 a multiple of 298?
False
Is 43851 a multiple of 13?
False
Does 20 divide 2647800?
True
Is 13 a factor of 536549?
True
Is 15176 a multiple of 15?
False
Does 55 divide 22803432?
False
Is 1779 a factor of 5379696?
True
Does 23 divide 246895?
False
Is 3 a factor of 144902?
False
Is 569 a factor of 725363?
False
Is 2445984 a multiple of 16?
True
Is 352 a factor of 1851520?
True
Is 170 a factor of 158757?
False
Is 337182 a multiple of 2?
True
Is 732924 a multiple of 3?
True
Is 79 a factor of 268?
False
Is 154401 a multiple of 243?
False
Is 458557 a multiple of 14?
False
Is 571424 a multiple of 36?
False
Is 846218 a multiple of 493?
False
Does 14 divide 191494?
False
Is 16 a factor of 11064?
False
Is 24 a factor of 1075152?
True
Is 100167 a multiple of 173?
True
Does 25 divide 98900?
True
Is 173451 a multiple of 323?
True
Is 1473401 a multiple of 37?
False
Is 1870914 a multiple of 82?
False
Is 33200 a multiple of 415?
True
Is 1076 a multiple of 7?
False
Does 75 divide 1208755?
False
Is 381990 a multiple of 85?
True
Does 209 divide 424222?
False
Is 25365 a multiple of 95?
True
Is 55 a factor of 2365021?
False
Is 147 a factor of 1619352?
True
Is 201379 a multiple of 7?
False
Is 67693 a multiple of 38?
False
Is 196479 a multiple of 112?
False
Is 422 a factor of 3363428?
False
Is 152441 a multiple of 243?
False
Is 281099 a multiple of 13?
True
Does 98 divide 657972?
True
Is 21 a factor of 294798?
True
Is 45 a factor of 363735?
True
Does 12 divide 8593771?
False
Is 60 a factor of 30549?
False
Is 1414 a factor of 10460604?
False
Does 3 divide 3500?
False
Does 65 divide 674150?
False
Is 380302 a multiple of 16?
False
Is 129064 a multiple of 221?
True
Is 139 a factor of 3846245?
False
Is 1007372 a multiple of 73?
False
Is 9810017 a multiple of 1057?
True
Is 828928 a multiple of 12?
False
Is 194097 a multiple of 69?
True
Is 120950 a multiple of 59?
True
Is 14 a factor of 2246169?
False
Is 45 a factor of 608128?
False
Does 12 divide 233280?
True
Is 150 a factor of 4788?
False
Is 101 a factor of 2144273?
False
Is 557442 a multiple of 31?
True
Is 6866190 a multiple of 414?
True
Is 434864 a multiple of 10?
False
Is 106 a factor of 17094938?
True
Is 549000 a multiple of 100?
True
Is 220200 a multiple of 10?
True
Does 124 divide 162984?
False
Is 323210 a multiple of 10?
True
Is 549 a factor of 229154?
False
Does 33 divide 27192?
True
Is 4767924 a multiple of 11?
False
Is 236 a factor of 296293?
False
Does 8 divide 154663?
False
Does 33 divide 94602?
False
Does 73 divide 220314?
True
Is 193 a factor of 215774?
True
Is 234 a factor of 3969342?
True
Is 23694 a multiple of 22?
True
Is 164979 a multiple of 69?
True
Is 988054 a multiple of 43?
True
Does 12 divide 207900?
True
Does 11 divide 971575?
True
Is 507 a factor of 387422?
False
Is 9660590 a multiple of 17?
True
Does 75 divide 1229613?
False
Is 4555980 a multiple of 39?
True
Is 1437673 a multiple of 214?
False
Does 12 divide 5364072?
True
Is 99 a factor of 947331?
True
Does 8 divide 8685?
False
Is 377 a factor of 1767189?
False
Is 4 a factor of 10184?
True
Is 2967851 a multiple of 20?
False
Is 7 a factor of 10199?
True
Does 111 divide 48951?
True
Is 5310972 a multiple of 453?
True
Is 18 a factor of 4621896?
True
Is 7902715 a multiple of 7?
False
Is 286003 a multiple of 113?
True
Is 3